actors of 1500/d - (-2)/9?
2, 7
Suppose 0 = 10*m - 4*m - 4326. What are the prime factors of m?
7, 103
Let k be 0 - -2 - (3 + 0). Let i = k + 3. Suppose -3*f + 6 = -i*f + s, f - s = 2. List the prime factors of f.
2
Suppose f + 2*r - 8 = 0, 0*f = 2*f + 5*r - 20. Suppose 10 = -f*s + 2*s. Suppose -n = n - q - 22, 5*q = s*n - 60. What are the prime factors of n?
2, 5
Suppose -19*h = -5795 - 18126. List the prime factors of h.
1259
Let g(m) = m**2 - 28*m + 104. What are the prime factors of g(-20)?
2, 7, 19
Suppose 72 = 2*m - 18. Let u = 86 - m. What are the prime factors of u?
41
Suppose 5*o = 4*b - 1, -7*o + 2*o = b - 19. Suppose 4*a - 114 = -2*w, o*w + w + 58 = 3*a. List the prime factors of a.
2, 13
Suppose h + 2*n = -1, 0 = h + 3*h + 4*n + 8. Let b be 152/h - (-4)/6. What are the prime factors of b/(-3) - 7/(-21)?
17
Let n(k) = k**2 + 9*k. Let r be n(-7). Let s be 3*(-5 + (-188)/(-12)). Let g = s - r. What are the prime factors of g?
2, 23
Let b be (-10)/55 - (-4)/22. Let l(m) = -m + 70. What are the prime factors of l(b)?
2, 5, 7
Let y be (-86)/(-8) - 112/64. Suppose -6 + 1 = -k. Suppose y = g + k. List the prime factors of g.
2
Let q be (4 + -2)*5/2. Suppose t + 2 - q = 0, b = -5*t - 41. List the prime factors of b/(-3) + 8/24.
19
Suppose y = -5*p + 18, 4*p = 2*p + 8. Let j(f) = -6*f**3 - 2*f - 4. What are the prime factors of j(y)?
2, 3
Suppose -19*r + 26462 = 2978. What are the prime factors of r?
2, 3, 103
Let d(b) = 1202*b - 2. List the prime factors of d(1).
2, 3, 5
Let d = -72 + -6. What are the prime factors of 2/(-10) + d/(-15)?
5
Let b(q) = -q**2 + q + 1179. What are the prime factors of b(0)?
3, 131
Suppose 2*w = -5*p + 7423, 3*p - 2*w = -p + 5924. What are the prime factors of p?
1483
Suppose 24 = -2*b + 8*b. Suppose -3*o = -b*w + 816, -w + 2*w - 2*o - 204 = 0. Suppose -2*c - q = -5*c + w, -5*c = 2*q - 329. What are the prime factors of c?
67
Suppose 3*n - 6 = 3*k, 2*k = 5*n - 1 - 18. Suppose 0*w + k*w = 4*h - 196, 0 = -4*w. List the prime factors of h.
7
Let u = -524 + 885. What are the prime factors of u?
19
Let d = -305 - -79. Let x = 318 + d. List the prime factors of x.
2, 23
Let h = 639 - 433. What are the prime factors of h?
2, 103
Suppose 4*t - 2410 = -2*g + 2860, -2*g + 5297 = -5*t. What are the prime factors of g?
19, 139
List the prime factors of (0 + -872)/(-4) - (-2)/(-1).
2, 3
Let l = -2156 + 2128. Let w(n) = 16*n + 5. Let v be w(4). Let d = v + l. What are the prime factors of d?
41
Suppose 2*x = 17 - 23. Let q be (2 - (-9)/x)*-132. Suppose n + q = 4*n. List the prime factors of n.
2, 11
What are the prime factors of -33*((-65)/15 - 6)?
11, 31
Suppose -4*q + 2184 = -64. What are the prime factors of q?
2, 281
Suppose 4*p - 468 = 2040. What are the prime factors of p?
3, 11, 19
Let n(v) = v**3 + 5*v**2 - 3*v + 2. Let s be n(-6). Let o = s - -65. What are the prime factors of o?
7
Let d = 1692 + 61. What are the prime factors of d?
1753
Let w = -21 + 56. Suppose -2*a + 49 = -w. What are the prime factors of a?
2, 3, 7
Let i(v) = -v**2 + v - 8. Let a be i(0). Let b = -9 - a. List the prime factors of 36/(-2)*(0 + b).
2, 3
Suppose -2*y = 2*y - 12. Suppose -y*r - r - 5*n + 49 = 0, n + 19 = r. Let h = r + 2. What are the prime factors of h?
2, 3
Suppose -327 = -3*s + 2*i + 124, -2*i + 284 = 2*s. Let l = 401 - s. What are the prime factors of l?
2, 127
Let t = 11342 + -7718. What are the prime factors of t?
2, 3, 151
Suppose 0 = 4*n - 193 - 735. Suppose -k + 13 = -w - n, 2*k + w - 502 = 0. What are the prime factors of 3/(((-27)/k)/(-3))?
83
Let x(b) = -14*b. Let j be x(3). Suppose 0*g + 2*g = 176. Let h = j + g. List the prime factors of h.
2, 23
Let f = 28 - 49. Let y = 2 - f. Suppose -w - o + y + 9 = 0, w = -2*o + 30. List the prime factors of w.
2, 17
Suppose -3*m + 4420 + 6596 = 0. What are the prime factors of m?
2, 3, 17
Let h be 64*((-19)/12 + (-10)/15). Let y = 247 + h. List the prime factors of y.
103
Let q(p) be the second derivative of p**3/6 + 7*p**2/2 - 2*p. Let i be q(-7). Suppose l + 0*c - 2*c - 36 = i, -c = l - 24. What are the prime factors of l?
2, 7
Let j(b) = b + 2. Let p be j(5). Suppose 4*h - p*h = -63. Let z = -18 + h. What are the prime factors of z?
3
Let o(c) be the second derivative of -c**5/5 + c**4/6 - c**2/2 + 17*c. What are the prime factors of o(-2)?
3, 13
Let r = -11 - -10. Let o be (2/(-3))/(r/117). Suppose -2*b - 3*s = -b - 23, -5*s = 4*b - o. List the prime factors of b.
17
Let d(c) be the first derivative of 2 + 1/3*c**3 - 11*c - 3*c**2. What are the prime factors of d(11)?
2, 11
Let j(g) = -g**3 + 5*g**2 + g - 2. Let f be j(4). Suppose f*l - 264 = 14*l. List the prime factors of l.
2, 3, 11
Let t be (-20)/16*2*24/(-20). Suppose -4*v - j = -t*j - 1210, -3*v + 895 = j. List the prime factors of v.
2, 3, 5
What are the prime factors of 1910/3 + (-6)/(-18)?
7, 13
Let u be (1650/45)/((-2)/(-3)). Suppose -n + u = -14. Suppose a = 2*a - n. List the prime factors of a.
3, 23
Suppose -3*o - 205 = 2*o + 2*n, 2*o = 5*n - 111. Let u = 93 - o. What are the prime factors of u?
2, 17
Let g = -259 + 520. List the prime factors of g.
3, 29
Suppose 5*x + 46 = -114. What are the prime factors of 28/(-6)*240/x?
5, 7
Let s be -1 + 0 + 0 - (-1 - -1). List the prime factors of ((-357)/(-42))/(s/(-18)).
3, 17
Let p(q) = q**2 - 3*q. Suppose 0 = 4*o - 22 - 2. What are the prime factors of p(o)?
2, 3
Let c(x) = -54*x**3 + 2*x**2 - 24*x - 33. What are the prime factors of c(-4)?
53, 67
Let c be 1840/130 - (6/39 + 0). Let g = c + 10. List the prime factors of g.
2, 3
Let d be (-3 + (-2)/(-6))/(2/180). Let n = d - -403. What are the prime factors of n?
163
Suppose 0*y + 28 = 4*a - 3*y, 8 = -3*a - 5*y. Suppose -2 = -p + 3*i - a*i, -5*p - 4*i = -10. Suppose p*g - 47 - 63 = 0. What are the prime factors of g?
5, 11
Suppose 0 = 14*z - 13*z. Suppose -5*u + 4*x - 1 = z, -3*u + x + 1 = -x. Suppose u*s - 10 = -k + 220, -140 = -2*s + 2*k. List the prime factors of s.
3, 5
Let m = 2385 - 845. List the prime factors of m.
2, 5, 7, 11
Suppose -p + 77 = -4*z - 199, -3*z + 3*p = 207. Suppose 911 = -8*s + 15. Let h = z - s. List the prime factors of h.
43
Suppose 16*m - 5401 = 31975. List the prime factors of m.
2, 73
Let t(i) = -i**3 + 5*i**2 + 2*i - 5. Let m be t(5). Suppose -5*d = -13*d + 104. Suppose -a + d = m*n, -3*a - 2*n = -3*n - 87. List the prime factors of a.
2, 7
Let f(d) = 2*d - 25. Let l = -16 + 24. Let p be f(l). What are the prime factors of (-565)/p - (-4)/18?
3, 7
Suppose 76 = -5*s + 11. Let u = -12 - s. Suppose -3 - u = -d. List the prime factors of d.
2
Let y = 9 + -12. Let u = y + 24. Let d = 33 - u. What are the prime factors of d?
2, 3
Let r be (3 - 2)*87/1. Suppose 4*n - r = n. Let p = -18 + n. List the prime factors of p.
11
Let n = -224 - -295. What are the prime factors of n?
71
Suppose -47*f + 44*f + 6 = 0. Suppose -5*t = f*m + 3*m - 220, 2*m - 223 = -5*t. What are the prime factors of t?
3, 5
Let l be (5 + 0)/(1*-1). Let y(h) = 4*h + 13. Let g(x) = 1. Let w(r) = 2*g(r) - y(r). What are the prime factors of w(l)?
3
Let y be 9/((-81)/18) - -6*1. Suppose 1 + 41 = 3*n. Let i = n + y. List the prime factors of i.
2, 3
Let l = 19 + -17. Suppose 6*x - 5*x = l. What are the prime factors of x/11 + 75/11?
7
Let j = 115 + -95. List the prime factors of j.
2, 5
Let k(u) = 199*u + 65. What are the prime factors of k(1)?
2, 3, 11
Let t = 30 - 94. What are the prime factors of -1*2 - -6*t/(-6)?
2, 31
Let c be ((-2)/(-5))/(10/(-250)). Let h = -1 - -2. List the prime factors of (-3)/(c/8 + h).
2, 3
List the prime factors of -5 + 1 + 126 - 3.
7, 17
Suppose -12*h + 13*h = 3222. Let a be (-3)/(-5) - h/45. List the prime factors of a/(-2) - (-6)/(-12).
5, 7
Suppose 5*r - 5402 = 5*w - w, 3*r - 3225 = -3*w. List the prime factors of r.
2, 7, 11
Let u(d) = d - 7. Let b be u(10). Suppose b*x - x = 30. Suppose -m + 5 = -5*h - 15, 0 = 5*h - x. What are the prime factors of m?
5, 7
Let a(l) = -l**2 - 67*l + 18. What are the prime factors of a(-22)?
2, 3, 7
Suppose 5*u + 2760 = 5*o, 0 = -2*o + u + 290 + 811. List the prime factors of o.
3, 61
Let b = -27 + 32. Let m = b - 1. Suppose -m*g = -0*p + 5*p - 276, -5*p - 44 = -g. List the prime factors of g.
2
Suppose 31 = 2*y - 2*m - 105, m + 344 = 5*y. Suppose -5*t = -t. Suppo